{"id":2528,"date":"2022-06-11T11:33:14","date_gmt":"2022-06-11T11:33:14","guid":{"rendered":"https:\/\/margau-apuseni.ro\/?page_id=2528"},"modified":"2022-06-11T12:44:29","modified_gmt":"2022-06-11T12:44:29","slug":"politica-confidentialitate","status":"publish","type":"page","link":"https:\/\/margau-apuseni.ro\/staging\/politica-confidentialitate\/","title":{"rendered":"Politic\u0103 confiden\u021bialitate"},"content":{"rendered":"\t\t<div data-elementor-type=\"wp-page\" data-elementor-id=\"2528\" class=\"elementor elementor-2528\" data-elementor-post-type=\"page\">\n\t\t\t\t\t\t<section class=\"elementor-section elementor-top-section elementor-element elementor-element-cbb0afd elementor-section-boxed elementor-section-height-default elementor-section-height-default\" data-id=\"cbb0afd\" data-element_type=\"section\" data-settings=\"{&quot;background_background&quot;:&quot;classic&quot;}\">\n\t\t\t\t\t\t\t<div class=\"elementor-background-overlay\"><\/div>\n\t\t\t\t\t\t\t<div class=\"elementor-container elementor-column-gap-default\">\n\t\t\t\t\t<div class=\"elementor-column elementor-col-100 elementor-top-column elementor-element elementor-element-7184732\" data-id=\"7184732\" data-element_type=\"column\">\n\t\t\t<div class=\"elementor-widget-wrap elementor-element-populated\">\n\t\t\t\t\t\t<div class=\"elementor-element elementor-element-7d23041 elementor-widget elementor-widget-heading\" data-id=\"7d23041\" data-element_type=\"widget\" data-widget_type=\"heading.default\">\n\t\t\t\t<div class=\"elementor-widget-container\">\n\t\t\t<h2 class=\"elementor-heading-title elementor-size-default\">Politic\u0103 confiden\u021bialitate<\/h2>\t\t<\/div>\n\t\t\t\t<\/div>\n\t\t\t\t\t<\/div>\n\t\t<\/div>\n\t\t\t\t\t<\/div>\n\t\t<\/section>\n\t\t\t\t<section class=\"elementor-section elementor-top-section elementor-element elementor-element-ba865d1 elementor-section-boxed elementor-section-height-default elementor-section-height-default\" data-id=\"ba865d1\" data-element_type=\"section\">\n\t\t\t\t\t\t<div class=\"elementor-container elementor-column-gap-default\">\n\t\t\t\t\t<div class=\"elementor-column elementor-col-100 elementor-top-column elementor-element elementor-element-5d2bf7f\" data-id=\"5d2bf7f\" data-element_type=\"column\">\n\t\t\t<div class=\"elementor-widget-wrap elementor-element-populated\">\n\t\t\t\t\t\t<div class=\"elementor-element elementor-element-4dadbe1 elementor-widget elementor-widget-text-editor\" data-id=\"4dadbe1\" data-element_type=\"widget\" data-widget_type=\"text-editor.default\">\n\t\t\t\t<div class=\"elementor-widget-container\">\n\t\t\t\t\t\t\t<p>Regulamentul 2016\/679 privind protec\u0163ia persoanelor fizice \u00een ceea ce prive\u015fte prelucrarea datelor cu caracter personal \u015fi privind libera circula\u0163ie a acestor date (General Data Protection Regulation, \u00een prezentul document \u2013 GDPR, Regulament sau RGPD) a fost adoptat de Parlamentul European \u0219i Consiliul Uniunii Europene \u00een 27 aprilie 2016, prevederile acestuia fiind direct aplicabile \u00eencep\u00e2nd cu data de 25 mai 2018. Acest Regulament abrog\u0103, \u00een mod expres, Directiva 95\/46\/CE, \u00eenlocuind astfel \u0219i prevederile<br \/>Legii nr. 677\/2001 (\u00een prezent, abrogate).<br \/>Regulamentul este direct aplicabil \u00een toate statele membre, protej\u00e2nd drepturile tuturor persoanelor fizice aflate pe teritoriul Uniunii Europene. Din punct de vedere material, Regulamentul se aplic\u0103 tuturor operatorilor care prelucreaz\u0103 date cu caracter personal. Regulamentul nu se aplic\u0103 prelucr\u0103rii datelor cu caracter personal care privesc persoane juridice \u015fi, \u00een special, \u00eentreprinderi cu personalitate juridic\u0103, inclusiv numele \u015fi tipul de persoan\u0103 juridic\u0103 \u015fi datele de contact ale persoanei juridice.<br \/>Datele cu caracter personal sunt definite ca fiind orice informa\u0163ii privind o persoan\u0103 fizic\u0103 identificat\u0103 sau identificabil\u0103 (\u201epersoana vizat\u0103\u201d); o persoan\u0103 fizic\u0103 identificabil\u0103 este o persoan\u0103 care poate fi identificat\u0103, direct sau indirect, \u00een special prin referire la un element de identificare, cum ar fi un nume, un num\u0103r de identificare, date de localizare, un identificator online sau la unul sau mai multe elemente specifice, proprii identit\u0103\u0163ii sale fizice, fiziologice, genetice, psihice, economice, culturale sau sociale.<br \/>Prelucrarea datelor cu caracter personal presupune orice opera\u0163iune sau set de opera\u0163iuni efectuate asupra datelor sau asupra seturilor de date cu caracter personal, cu sau f\u0103r\u0103 utilizarea de mijloace automatizate, cum ar fi colectarea, \u00eenregistrarea, organizarea, structurarea, stocarea, adaptarea sau modificarea, extragerea, consultarea, utilizarea, divulgarea prin transmitere, diseminarea sau punerea la dispozi\u0163ie \u00een orice alt mod, alinierea sau combinarea, restric\u0163ionarea, \u015ftergerea sau distrugerea.<\/p><p><strong>Identitatea operatorului<\/strong><br \/>Av\u00e2nd \u00een vedere articolul 4 punctul 7 din Regulament, care define\u0219te no\u021biunea de \u201eoperator\u201d ca fiind persoana fizic\u0103 sau juridic\u0103, autoritatea public\u0103, agen\u0163ia sau alt organism care, singur sau \u00eempreun\u0103 cu altele, stabile\u015fte scopurile \u015fi mijloacele de prelucrare a datelor cu caracter personal, operatorul care prelucreaz\u0103 date cu caracter personal prin intermediul acestui website este CIURTIN OCTAVIAN PETRU PFA, cu sediul \u00een Sat Margau nr.324, jud. Cluj, \u00eenmatriculat\u0103 la Oficiul Registrului Comer\u0163ului F12\/424\/2016, av\u00e2nd CUI 35947520, reprezentat\u0103 legal de Ciurtin Octavian Petru, cu date de contact ciurtin.octavian@yahoo.com, 0756 321 857.<\/p><p><strong>Colectarea datelor personale<\/strong><br \/>Care sunt datele cu caracter personal colectate<br \/>Operatorul acestui website colecteaz\u0103, stocheaz\u0103 \u015fi prelucreaz\u0103 urm\u0103toarele date personale ale \/ referitoare la dvs.: nume \u0219i prenume sau nume companie, date de contact (precum e-mail, telefon, fax), IP, CNP\/CUI, cu scopul de a v\u0103 contacta, de a crea rezerv\u0103ri \u0219i contracte pentru rezerv\u0103ri.<\/p><p><strong>Ob\u021binerea Consim\u021b\u0103m\u00e2ntului<\/strong><br \/>Pentru ca prelucrarea datelor cu caracter personal s\u0103 fie legal\u0103, GDPR prevede ca aceasta s\u0103 fie efectuat\u0103 \u00een baza unui motiv legitim, precum executarea sau \u00eencheierea unui contract, \u00eendeplinirea unei obliga\u021bii legale, sau \u00een baza consim\u021b\u0103m\u00e2ntului valabil exprimat de persoana vizat\u0103 \u00een prealabil. \u00cen acest din urm\u0103 caz, operatorului i se impune obliga\u021bia de a putea demonstra faptul c\u0103 persoana \u00een cauz\u0103 \u0219i-a dat consim\u021b\u0103m\u00e2ntul pentru prelucrarea respectiv\u0103. Consim\u021b\u0103m\u00e2ntul exprimat sub imperiul Directivei 95\/46\/CE r\u0103m\u00e2ne valabil dac\u0103 acesta \u00eendepline\u0219te condi\u021biile prev\u0103zute de GDPR.<br \/>Acordarea consim\u021b\u0103m\u00e2ntului trebuie s\u0103 fie realizat\u0103 printr-o declara\u021bie sau printr-o ac\u021biune neechivoc\u0103 care s\u0103 constituie o manifestare liber exprimat\u0103, specific\u0103, \u00een cuno\u015ftin\u0163\u0103 de cauz\u0103 \u015fi clar\u0103 a acordului persoanei vizate pentru prelucrarea datelor sale cu caracter personal. \u00cen cazul \u00een care consim\u021b\u0103m\u00e2ntul persoanei vizate este dat \u00een contextul unei declara\u021bii, \u00een format electronic sau \u00een scris, care se refer\u0103 \u0219i la alte aspecte, cererea privind consim\u021b\u0103m\u00e2ntul trebuie s\u0103 fie prezentat\u0103 \u00eentr-o form\u0103 care o diferen\u021biaz\u0103 \u00een mod clar de celelalte aspecte, put\u00e2nd fi realizat\u0103 chiar \u0219i prin bifarea unei c\u0103su\u021be. Pentru ca prelucrarea datelor cu caracter personal s\u0103 fie legal\u0103, GDPR prevede ca aceasta s\u0103 fie efectuat\u0103 \u00een baza unui motiv legitim, precum executarea sau \u00eencheierea unui contract, \u00eendeplinirea unei obliga\u021bii legale, sau \u00een baza consim\u021b\u0103m\u00e2ntului valabil exprimat de persoana vizat\u0103 \u00een prealabil. \u00cen acest din urm\u0103 caz, operatorului i se impune obliga\u021bia de a putea demonstra faptul c\u0103 persoana \u00een cauz\u0103 \u0219i-a dat consim\u021b\u0103m\u00e2ntul pentru prelucrarea respectiv\u0103. Consim\u021b\u0103m\u00e2ntul exprimat sub imperiul Directivei 95\/46\/CE r\u0103m\u00e2ne valabil dac\u0103 acesta \u00eendepline\u0219te condi\u021biile prev\u0103zute de GDPR.<\/p><p>\u00a0<\/p>\t\t\t\t\t\t<\/div>\n\t\t\t\t<\/div>\n\t\t\t\t\t<\/div>\n\t\t<\/div>\n\t\t\t\t\t<\/div>\n\t\t<\/section>\n\t\t\t\t<\/div>\n\t\t","protected":false},"excerpt":{"rendered":"<p>Politic\u0103 confiden\u021bialitate Regulamentul 2016\/679 privind protec\u0163ia persoanelor fizice \u00een ceea ce prive\u015fte prelucrarea datelor cu caracter personal \u015fi privind libera circula\u0163ie a acestor date (General Data Protection Regulation, \u00een prezentul document \u2013 GDPR, Regulament sau RGPD) a fost adoptat de Parlamentul European \u0219i Consiliul Uniunii Europene \u00een 27 aprilie 2016, prevederile acestuia fiind direct aplicabile [&hellip;]<\/p>\n","protected":false},"author":1,"featured_media":0,"parent":0,"menu_order":0,"comment_status":"closed","ping_status":"closed","template":"","meta":{"footnotes":""},"class_list":["post-2528","page","type-page","status-publish","hentry"],"_links":{"self":[{"href":"https:\/\/margau-apuseni.ro\/staging\/wp-json\/wp\/v2\/pages\/2528","targetHints":{"allow":["GET"]}}],"collection":[{"href":"https:\/\/margau-apuseni.ro\/staging\/wp-json\/wp\/v2\/pages"}],"about":[{"href":"https:\/\/margau-apuseni.ro\/staging\/wp-json\/wp\/v2\/types\/page"}],"author":[{"embeddable":true,"href":"https:\/\/margau-apuseni.ro\/staging\/wp-json\/wp\/v2\/users\/1"}],"replies":[{"embeddable":true,"href":"https:\/\/margau-apuseni.ro\/staging\/wp-json\/wp\/v2\/comments?post=2528"}],"version-history":[{"count":5,"href":"https:\/\/margau-apuseni.ro\/staging\/wp-json\/wp\/v2\/pages\/2528\/revisions"}],"predecessor-version":[{"id":2606,"href":"https:\/\/margau-apuseni.ro\/staging\/wp-json\/wp\/v2\/pages\/2528\/revisions\/2606"}],"wp:attachment":[{"href":"https:\/\/margau-apuseni.ro\/staging\/wp-json\/wp\/v2\/media?parent=2528"}],"curies":[{"name":"wp","href":"https:\/\/api.w.org\/{rel}","templated":true}]}}